{"id":7,"date":"2021-10-28T05:01:06","date_gmt":"2021-10-28T05:01:06","guid":{"rendered":"https:\/\/restaurator-benkenstein.de\/?page_id=7"},"modified":"2021-10-28T05:27:33","modified_gmt":"2021-10-28T05:27:33","slug":"ueber-uns","status":"publish","type":"page","link":"https:\/\/restaurator-benkenstein.de\/index.php\/ueber-uns\/","title":{"rendered":"\u00dcber uns"},"content":{"rendered":"\r\n<p>Eine fachgerechte Restaurierung erh\u00e4lt den altersgem\u00e4\u00dfen Charakter eines Objektes, Der Restaurator dokumentiert den Ist-Zustand und konserviert die Substanz des historischen Originals.<\/p>\r\n<p>Restaurieren bedeutet nicht ein, dem jeweiligen Zeitgeschmack folgendes, umarbeiten oder erneuern. Die Restaurierung ber\u00fccksichtigt stets die kunsthistorischen Zusammenh\u00e4nge der entsprechenden Epoche. Die Substanz wird im Original erhalten, verlorene Teile werden behutsam erg\u00e4nzt oder ersetzt. Dabei verwenden wir Original Werkzeuge, Materialien und Handwerkstechniken der entsprechenden Epoche.<\/p>\r\n<p>Schreiben, mailen oder rufen Sie mich an:<\/p>\r\n<p>Restaurator Gerold Benkenstein<br \/>Br\u00e4ugasse 16<br \/>D-94032 Passau<br \/>Tel. 0851 \/ 9 89 09-10 Fax -11<br \/>Mobil 0175 \/ 2 40 13 01<br \/>gerold.benkenstein @ t-online.de<\/p>\r\n","protected":false},"excerpt":{"rendered":"<p>Eine fachgerechte Restaurierung erh\u00e4lt den altersgem\u00e4\u00dfen Charakter eines Objektes, Der Restaurator dokumentiert den Ist-Zustand und konserviert die Substanz des historischen Originals. Restaurieren bedeutet nicht ein, dem jeweiligen Zeitgeschmack folgendes, umarbeiten oder erneuern. Die Restaurierung ber\u00fccksichtigt stets die kunsthistorischen Zusammenh\u00e4nge der entsprechenden Epoche. Die Substanz wird im Original erhalten, verlorene Teile werden behutsam erg\u00e4nzt oder ersetzt.&hellip; <a class=\"more-link\" href=\"https:\/\/restaurator-benkenstein.de\/index.php\/ueber-uns\/\"><span class=\"screen-reader-text\">\u00dcber uns<\/span> weiterlesen<\/a><\/p>\n","protected":false},"author":1,"featured_media":0,"parent":0,"menu_order":0,"comment_status":"closed","ping_status":"closed","template":"","meta":{"footnotes":""},"class_list":["post-7","page","type-page","status-publish","hentry","entry"],"_links":{"self":[{"href":"https:\/\/restaurator-benkenstein.de\/index.php\/wp-json\/wp\/v2\/pages\/7","targetHints":{"allow":["GET"]}}],"collection":[{"href":"https:\/\/restaurator-benkenstein.de\/index.php\/wp-json\/wp\/v2\/pages"}],"about":[{"href":"https:\/\/restaurator-benkenstein.de\/index.php\/wp-json\/wp\/v2\/types\/page"}],"author":[{"embeddable":true,"href":"https:\/\/restaurator-benkenstein.de\/index.php\/wp-json\/wp\/v2\/users\/1"}],"replies":[{"embeddable":true,"href":"https:\/\/restaurator-benkenstein.de\/index.php\/wp-json\/wp\/v2\/comments?post=7"}],"version-history":[{"count":4,"href":"https:\/\/restaurator-benkenstein.de\/index.php\/wp-json\/wp\/v2\/pages\/7\/revisions"}],"predecessor-version":[{"id":46,"href":"https:\/\/restaurator-benkenstein.de\/index.php\/wp-json\/wp\/v2\/pages\/7\/revisions\/46"}],"wp:attachment":[{"href":"https:\/\/restaurator-benkenstein.de\/index.php\/wp-json\/wp\/v2\/media?parent=7"}],"curies":[{"name":"wp","href":"https:\/\/api.w.org\/{rel}","templated":true}]}}